{"id":23,"date":"2011-11-02T21:22:11","date_gmt":"2011-11-02T21:22:11","guid":{"rendered":"https:\/\/albertoplaza.cl\/mundo\/?page_id=23"},"modified":"2013-04-29T15:39:13","modified_gmt":"2013-04-29T15:39:13","slug":"si-al-buen-trato-infantil","status":"publish","type":"page","link":"https:\/\/albertoplaza.cl\/mundo\/si-al-buen-trato-infantil\/","title":{"rendered":"S\u00cd AL BUEN TRATO INFANTIL"},"content":{"rendered":"<p style=\"text-align: justify;\"><a href=\"https:\/\/albertoplaza.cl\/mundo\/wp-content\/uploads\/2013\/04\/15202_10151566543397996_2127842046_n.jpg\" rel=\"lightbox[23]\"><img loading=\"lazy\" decoding=\"async\" class=\"alignright  wp-image-2850\" alt=\"15202_10151566543397996_2127842046_n\" src=\"https:\/\/albertoplaza.cl\/mundo\/wp-content\/uploads\/2013\/04\/15202_10151566543397996_2127842046_n.jpg\" width=\"576\" height=\"432\" srcset=\"https:\/\/albertoplaza.cl\/mundo\/wp-content\/uploads\/2013\/04\/15202_10151566543397996_2127842046_n.jpg 960w, https:\/\/albertoplaza.cl\/mundo\/wp-content\/uploads\/2013\/04\/15202_10151566543397996_2127842046_n-300x225.jpg 300w, https:\/\/albertoplaza.cl\/mundo\/wp-content\/uploads\/2013\/04\/15202_10151566543397996_2127842046_n-400x300.jpg 400w\" sizes=\"auto, (max-width: 576px) 100vw, 576px\" \/><\/a>Cuando hablamos de Maltrato infantil es importante entender que nos referimos a toda acci\u00f3n, omisi\u00f3n o trato negligente, no accidental, que priva al ni\u00f1o de sus derechos y su bienestar, que amenaza y\/o interfiere su ordenado desarrollo f\u00edsico, ps\u00edquico o social y cuyos autores pueden ser personas, instituciones o la propia sociedad.\u00a0El maltrato infantil incluye la amenaza o el da\u00f1o f\u00edsico, ps\u00edquico y social.<\/p>\n<p style=\"text-align: justify;\">Se distinguen un maltrato de tipo activo y uno pasivo y a su vez un maltrato puede ser de tipo f\u00edsico otro de tipo emocional.<\/p>\n<p style=\"text-align: justify;\"><strong>MALTRATO F\u00cdSICO:<\/strong> Acci\u00f3n no accidental de alg\u00fan adulto que provoca da\u00f1o f\u00edsico o enfermedad en el ni\u00f1o, o que le coloca en grave riesgo de padecerlo como consecuencia de alguna negligencia intencionada.<\/p>\n<p style=\"text-align: justify;\"><strong>ABANDONO F\u00cdSICO:<\/strong> situaci\u00f3n en que las necesidades f\u00edsicas b\u00e1sicas del ni\u00f1o, (alimentaci\u00f3n, higiene, seguridad, atenci\u00f3n m\u00e9dica, vestido, educaci\u00f3n, vigilancia), no son atendidas adecuadamente por ning\u00fan adulto del grupo que convive con \u00e9l.<\/p>\n<p style=\"text-align: justify;\"><strong>MALTRATO EMOCIONAL:<\/strong> Conductas de los padres\/madres o cuidadores tales como insultos, rechazos, amenazas, humillaciones, desprecios, burlas, cr\u00edticas, aislamiento, atemorizaci\u00f3n que causen o puedan causar deterioro en el desarrollo emocional, social o intelectual del ni\u00f1o.<\/p>\n<p style=\"text-align: justify;\"><a href=\"https:\/\/albertoplaza.cl\/mundo\/wp-content\/uploads\/2011\/11\/603374_4119728438910_1291429384_n.jpg\" rel=\"lightbox[23]\"><img loading=\"lazy\" decoding=\"async\" class=\"wp-image-2676 alignleft\" alt=\"603374_4119728438910_1291429384_n\" src=\"https:\/\/albertoplaza.cl\/mundo\/wp-content\/uploads\/2011\/11\/603374_4119728438910_1291429384_n.jpg\" width=\"346\" height=\"461\" srcset=\"https:\/\/albertoplaza.cl\/mundo\/wp-content\/uploads\/2011\/11\/603374_4119728438910_1291429384_n.jpg 720w, https:\/\/albertoplaza.cl\/mundo\/wp-content\/uploads\/2011\/11\/603374_4119728438910_1291429384_n-225x300.jpg 225w\" sizes=\"auto, (max-width: 346px) 100vw, 346px\" \/><\/a><\/p>\n<p style=\"text-align: justify;\"><strong>ABANDONO EMOCIONAL:<\/strong> Situaci\u00f3n en la que el ni\u00f1o no recibe el afecto, la estimulaci\u00f3n, el apoyo y protecci\u00f3n necesarios en cada estadio de su evoluci\u00f3n y que inhibe su desarrollo \u00f3ptimo. Existe una falta de respuesta por parte de los padres\/madres o cuidadores a las expresiones emocionales del ni\u00f1o (llanto, sonrisa, etc.) o a sus intentos de aproximaci\u00f3n o interacci\u00f3n.<\/p>\n<p style=\"text-align: justify;\"><strong>ABUSO SEXUAL<\/strong>: Cualquier clase de placer sexual con un ni\u00f1o por parte de un adulto desde una posici\u00f3n de poder o autoridad. No es necesario que exista un contacto f\u00edsico (en forma de penetraci\u00f3n o tocamientos) para considerar que existe abuso sino que puede utilizarse al ni\u00f1o como objeto de estimulaci\u00f3n sexual, se incluye aqu\u00ed el incesto, la violaci\u00f3n, la vejaci\u00f3n sexual (tocamiento \/ manoseo) a un ni\u00f1o con o sin ropa, alentar, forzar o permitir a un ni\u00f1o que toque de manera inapropiada al adulto) y el abuso sexual sin contacto f\u00edsico (seducci\u00f3n verbal, solicitud indecente, exposici\u00f3n de \u00f3rganos sexuales a un ni\u00f1o para obtener gratificaci\u00f3n sexual, realizaci\u00f3n del acto sexual en presencia de un menor, masturbaci\u00f3n en presencia de un ni\u00f1o, pornograf\u00eda, entre otros.<\/p>\n<h2 style=\"text-align: justify;\"><strong>INDICADORES DEL MALTRATO INFANTIL <\/strong><\/h2>\n<p style=\"text-align: justify;\">El ni\u00f1o no sabe defenderse ante las agresiones de los adultos, rara vez pide ayuda y esto lo sit\u00faa en una posici\u00f3n vulnerable ante un adulto agresivo y\/o negligente. Los ni\u00f1os que sufren maltrato tienen m\u00faltiples problemas en su desarrollo evolutivo, d\u00e9ficit emocional, conductuales y socio-cognitivos que dificultan el desarrollo adecuado de su personalidad.<\/p>\n<p style=\"text-align: justify;\">Existen una serie de indicadores de conducta que manifiestan los ni\u00f1os que est\u00e1n siendo abusados. Sin embargo, hay que tener en cuenta que \u00e9stos por s\u00ed solos no son suficientes para demostrar la existencia de maltrato, sino que adem\u00e1s debemos considerar la frecuencia de las manifestaciones.<\/p>\n<h3 style=\"text-align: justify;\"><strong>En el ni\u00f1o:<\/strong><\/h3>\n<ul style=\"text-align: justify;\">\n<li>Da\u00f1os f\u00edsicos repetidos (moretones, magulladuras, quemaduras, etc.)\u00a0<\/li>\n<li>Ni\u00f1os que van sucios, malolientes, con ropa inadecuada, etc.\u00a0<\/li>\n<li>Cambio significativo en la conducta escolar sin motivo aparente.\u00a0<\/li>\n<li>Conductas agresivas y\/o rabietas severas y persistentes.\u00a0<\/li>\n<li>Relaciones hostiles y distantes.<\/li>\n<li>Actitud hipervigilante (en estado de alerta, receloso, miedoso, etc.)<\/li>\n<li>Conducta sexual expl\u00edcita, juego y conocimientos inapropiados para su edad.<\/li>\n<li>Conducta de masturbaci\u00f3n en p\u00fablico.<\/li>\n<li>Ni\u00f1o que evita ir a casa (permanece m\u00e1s tiempo de lo habitual en el colegio, patio o alrededores)<\/li>\n<li>Despu\u00e9s del fin de semana vuelve peor al colegio (triste, sucio, ofuscado, etc.)<\/li>\n<li>Presenta dolores frecuentes sin causa aparente.<\/li>\n<li>Problemas alimenticios (ni\u00f1o muy glot\u00f3n o con p\u00e9rdida de apetito)<\/li>\n<li>Falta a clase de forma reiterada sin justificaci\u00f3n.<\/li>\n<li>Retrasos en el desarrollo f\u00edsico, emocional e intelectual.<\/li>\n<li>Presenta conductas antisociales: fugas, vandalismo, peque\u00f1os hurtos, etc.<\/li>\n<li>Intento de suicidio y sintomatolog\u00eda depresiva<\/li>\n<li>Regresiones conductuales (conductas muy infantiles para su edad)<\/li>\n<\/ul>\n<h3 style=\"text-align: justify;\"><a href=\"https:\/\/albertoplaza.cl\/mundo\/wp-content\/uploads\/2011\/11\/31548_4119695238080_1324085245_n.jpg\" rel=\"lightbox[23]\"><img loading=\"lazy\" decoding=\"async\" class=\"alignright  wp-image-2677\" alt=\"31548_4119695238080_1324085245_n\" src=\"https:\/\/albertoplaza.cl\/mundo\/wp-content\/uploads\/2011\/11\/31548_4119695238080_1324085245_n.jpg\" width=\"461\" height=\"346\" srcset=\"https:\/\/albertoplaza.cl\/mundo\/wp-content\/uploads\/2011\/11\/31548_4119695238080_1324085245_n.jpg 960w, https:\/\/albertoplaza.cl\/mundo\/wp-content\/uploads\/2011\/11\/31548_4119695238080_1324085245_n-300x225.jpg 300w, https:\/\/albertoplaza.cl\/mundo\/wp-content\/uploads\/2011\/11\/31548_4119695238080_1324085245_n-400x300.jpg 400w\" sizes=\"auto, (max-width: 461px) 100vw, 461px\" \/><\/a><strong>En los padres y\/o cuidadores:<\/strong><\/h3>\n<ul style=\"text-align: justify;\">\n<li>Parecen no preocuparse por el ni\u00f1o.<\/li>\n<li>No acuden a las citas y reuniones del colegio.<\/li>\n<li>Desprecian y desvalorizan al ni\u00f1o en p\u00fablico.<\/li>\n<li>Sienten a su hijo como una &#8220;propiedad&#8221; (&#8220;puedo hacer con mi hijo lo que quiero porque es m\u00edo&#8221;)<\/li>\n<li>Expresan dificultades en su relaci\u00f3n de pareja.<\/li>\n<li>Recogen y llevan al ni\u00f1o al colegio sin permitir contactos sociales.<\/li>\n<li>Padres siempre fuera de casa (nunca tienen tiempo para&#8230;)<\/li>\n<li>Compensan con bienes materiales la escasa relaci\u00f3n personal afectiva que mantiene con sus hijos .<\/li>\n<li>Justifican la disciplina r\u00edgida y autoritaria.<\/li>\n<li>Ven al ni\u00f1o como malvado ( este ni\u00f1o es agresivo).<\/li>\n<li>Ofrecen explicaciones il\u00f3gicas, contradictorias no convincentes o bien no tienen explicaci\u00f3n por la\u00a0aparici\u00f3n de golpes o morados.<\/li>\n<li>Habitualmente utilizan una disciplina inapropiada para la edad del ni\u00f1o.<\/li>\n<li>Son r\u00edgidos y autoritarios o pueden ser absolutamente permisivos y descuidados.<\/li>\n<\/ul>\n<div style=\"text-align: justify;\">Estos indicadores pueden observarse en otros casos que no necesariamente se dan en ni\u00f1os maltratados, la diferencia m\u00e1s notable es que los padres maltratadores no suelen reconocer la existencia del maltrato y rechazan cualquier tipo de ayuda, llegando a justificar con argumentos muy variados este tipo de acciones. En cambio, los padres con dificultades suelen reconocerlas y admiten cualquier tipo de ayuda que se les ofrezca.<\/div>\n<div style=\"text-align: justify;\">La mayor\u00eda de las violaciones a los derechos de los ni\u00f1os, se producen principalmente debido a la falta de informaci\u00f3n, educaci\u00f3n e ignorancia de los padres o responsables del cuidado de los ni\u00f1os, por una parte, y por otra, producto de sus propias experiencias infantiles, que la mayor\u00eda de las veces han sido poco gratificantes y que sin lugar a dudas llevan a repetir las pautas de crianzas y as\u00ed perpetuar \u00e9l circulo de la violencia y maltrato familiar.<\/div>\n<div style=\"text-align: justify;\">\u00a0<\/div>\n","protected":false},"excerpt":{"rendered":"<p>Cuando hablamos de Maltrato infantil es importante entender que nos referimos a toda acci\u00f3n, omisi\u00f3n o trato negligente, no accidental, que priva al ni\u00f1o de sus derechos y su bienestar, que amenaza y\/o interfiere su ordenado desarrollo f\u00edsico, ps\u00edquico o &hellip; <a class=\"more-link\" href=\"https:\/\/albertoplaza.cl\/mundo\/si-al-buen-trato-infantil\/\">Sigue leyendo <span class=\"meta-nav\">&rarr;<\/span><\/a><\/p>\n","protected":false},"author":2,"featured_media":0,"parent":0,"menu_order":0,"comment_status":"closed","ping_status":"closed","template":"","meta":{"footnotes":""},"class_list":["post-23","page","type-page","status-publish","hentry"],"_links":{"self":[{"href":"https:\/\/albertoplaza.cl\/mundo\/wp-json\/wp\/v2\/pages\/23","targetHints":{"allow":["GET"]}}],"collection":[{"href":"https:\/\/albertoplaza.cl\/mundo\/wp-json\/wp\/v2\/pages"}],"about":[{"href":"https:\/\/albertoplaza.cl\/mundo\/wp-json\/wp\/v2\/types\/page"}],"author":[{"embeddable":true,"href":"https:\/\/albertoplaza.cl\/mundo\/wp-json\/wp\/v2\/users\/2"}],"replies":[{"embeddable":true,"href":"https:\/\/albertoplaza.cl\/mundo\/wp-json\/wp\/v2\/comments?post=23"}],"version-history":[{"count":0,"href":"https:\/\/albertoplaza.cl\/mundo\/wp-json\/wp\/v2\/pages\/23\/revisions"}],"wp:attachment":[{"href":"https:\/\/albertoplaza.cl\/mundo\/wp-json\/wp\/v2\/media?parent=23"}],"curies":[{"name":"wp","href":"https:\/\/api.w.org\/{rel}","templated":true}]}}