{"id":2,"date":"2011-10-26T23:20:51","date_gmt":"2011-10-26T23:20:51","guid":{"rendered":"https:\/\/albertoplaza.cl\/mundo\/?page_id=2"},"modified":"2023-05-30T22:55:27","modified_gmt":"2023-05-30T22:55:27","slug":"nuestra-historia","status":"publish","type":"page","link":"https:\/\/albertoplaza.cl\/mundo\/nuestra-historia\/","title":{"rendered":"NUESTRA HISTORIA"},"content":{"rendered":"<div id=\"attachment_2830\" style=\"width: 501px\" class=\"wp-caption alignright\"><a href=\"https:\/\/albertoplaza.cl\/mundo\/wp-content\/uploads\/2013\/04\/300762_260928620610897_1257549829_n.jpg\" rel=\"lightbox[2]\"><img loading=\"lazy\" decoding=\"async\" aria-describedby=\"caption-attachment-2830\" class=\" wp-image-2830 \" src=\"https:\/\/albertoplaza.cl\/mundo\/wp-content\/uploads\/2013\/04\/300762_260928620610897_1257549829_n.jpg\" alt=\"300762_260928620610897_1257549829_n\" width=\"491\" height=\"369\" srcset=\"https:\/\/albertoplaza.cl\/mundo\/wp-content\/uploads\/2013\/04\/300762_260928620610897_1257549829_n.jpg 614w, https:\/\/albertoplaza.cl\/mundo\/wp-content\/uploads\/2013\/04\/300762_260928620610897_1257549829_n-300x225.jpg 300w, https:\/\/albertoplaza.cl\/mundo\/wp-content\/uploads\/2013\/04\/300762_260928620610897_1257549829_n-399x300.jpg 399w\" sizes=\"auto, (max-width: 491px) 100vw, 491px\" \/><\/a><p id=\"caption-attachment-2830\" class=\"wp-caption-text\"><span style=\"color: #3399cc;\">Haz clic en la foto<\/span><\/p><\/div>\n<p style=\"text-align: justify;\">La fundaci\u00f3n <span style=\"color: #3399cc;\"><strong>VACEM<\/strong><\/span> nace en el a\u00f1o 2001 en Chile, pa\u00eds natal de <span style=\"color: #3399cc;\"><strong>Alberto Plaza<\/strong><\/span>, como una agrupaci\u00f3n de seguidores del cantautor chileno. Estos socios, motivados por el trabajo social, movilizan sus fuerzas para realizar diversas obras solidarias. As\u00ed, las fronteras de <span style=\"color: #3399cc;\"><strong>VACEM<\/strong><\/span>\u00a0 se comienzan a extender a otras latitudes.<\/p>\n<p style=\"text-align: justify;\">En sus inicios <strong><span style=\"color: #3399cc;\">VACEM<\/span>\u00a0<\/strong> comienza a trabajar en diversos sectores de la sociedad. Ni\u00f1os en riesgo social, menores hospitalizados,\u00a0 adultos mayores y mujeres embarazadas desvalidas, han sido algunos de los focos de esta organizaci\u00f3n.<\/p>\n<p style=\"text-align: justify;\">Actualmente la fundaci\u00f3n cuenta con 2 sedes en Colombia.<\/p>\n<h2 style=\"text-align: justify;\">MISI\u00d3N<\/h2>\n<div id=\"attachment_2832\" style=\"width: 259px\" class=\"wp-caption alignright\"><a href=\"https:\/\/albertoplaza.cl\/mundo\/wp-content\/uploads\/2013\/04\/319282_260918393945253_1373574197_n.jpg\" rel=\"lightbox[2]\"><img loading=\"lazy\" decoding=\"async\" aria-describedby=\"caption-attachment-2832\" class=\"size-full wp-image-2832\" src=\"https:\/\/albertoplaza.cl\/mundo\/wp-content\/uploads\/2013\/04\/319282_260918393945253_1373574197_n.jpg\" alt=\"319282_260918393945253_1373574197_n\" width=\"249\" height=\"289\" \/><\/a><p id=\"caption-attachment-2832\" class=\"wp-caption-text\"><span style=\"color: #3399cc;\">Haz clic en la foto<\/span><\/p><\/div>\n<p style=\"text-align: justify;\">Nuestra Fundaci\u00f3n es una organizaci\u00f3n sin fines de lucro, cuya misi\u00f3n es contribuir a erradicar el\u00a0maltrato infantil por medio de la difusi\u00f3n, promoci\u00f3n y defensa de los derechos de ni\u00f1os, ni\u00f1as y\u00a0adolescentes sin discriminaci\u00f3n alguna.<\/p>\n<p style=\"text-align: justify;\">Trabajamos con el objetivo de generar movilizaci\u00f3n y conciencia social en torno al respeto y atenci\u00f3n\u00a0que merece la infancia. Esta labor la desarrollamos colaborando con los gobiernos y la sociedad civil.<\/p>\n<p style=\"text-align: justify;\">Llevamos a cabo nuestra misi\u00f3n con voluntarios comprometidos y sensibilizados, dispuestos a\u00a0trabajar y luchar por el derecho de nuestros ni\u00f1os a crecer es paz.<\/p>\n<h2 style=\"text-align: justify;\">VISI\u00d3N<\/h2>\n<p style=\"text-align: justify;\">Nuestra visi\u00f3n es contribuir a cambiar el mundo, ayudando a que todos los ni\u00f1os, ni\u00f1as y adolescentes, sin discriminaci\u00f3n de raza, credo, nacionalidad o creencia pol\u00edtica, puedan crecer en paz con alegr\u00eda y bienestar dentro del seno de una familia que les brinde toda la protecci\u00f3n y amor que merecen.<\/p>\n<p style=\"text-align: justify;\">Esperamos hacer de nuestra Fundaci\u00f3n un gran referente a nivel internacional en la lucha contra el\u00a0maltrato infantil.<\/p>\n<h2 style=\"text-align: justify;\">NUESTROS PRINCIPIOS<\/h2>\n<p style=\"text-align: justify;\">Los principios que nos inspiran como Fundaci\u00f3n est\u00e1n particularmente centrados en los postulados\u00a0de la Convenci\u00f3n de los Derechos del Ni\u00f1o de la Asamblea General de las Naciones Unidas del a\u00f1o\u00a01989.<\/p>\n<div id=\"attachment_2838\" style=\"width: 860px\" class=\"wp-caption alignnone\"><a href=\"https:\/\/albertoplaza.cl\/mundo\/wp-content\/uploads\/2013\/04\/536842_450413004995790_1057694493_n.jpg\" rel=\"lightbox[2]\"><img loading=\"lazy\" decoding=\"async\" aria-describedby=\"caption-attachment-2838\" class=\" wp-image-2838 \" src=\"https:\/\/albertoplaza.cl\/mundo\/wp-content\/uploads\/2013\/04\/536842_450413004995790_1057694493_n.jpg\" alt=\"536842_450413004995790_1057694493_n\" width=\"850\" height=\"479\" srcset=\"https:\/\/albertoplaza.cl\/mundo\/wp-content\/uploads\/2013\/04\/536842_450413004995790_1057694493_n.jpg 850w, https:\/\/albertoplaza.cl\/mundo\/wp-content\/uploads\/2013\/04\/536842_450413004995790_1057694493_n-300x169.jpg 300w, https:\/\/albertoplaza.cl\/mundo\/wp-content\/uploads\/2013\/04\/536842_450413004995790_1057694493_n-500x281.jpg 500w\" sizes=\"auto, (max-width: 850px) 100vw, 850px\" \/><\/a><p id=\"caption-attachment-2838\" class=\"wp-caption-text\"><span style=\"color: #3399cc;\">Haz clic en la foto<\/span><\/p><\/div>\n<p style=\"text-align: justify;\">\n","protected":false},"excerpt":{"rendered":"<p>La fundaci\u00f3n VACEM nace en el a\u00f1o 2001 en Chile, pa\u00eds natal de Alberto Plaza, como una agrupaci\u00f3n de seguidores del cantautor chileno. Estos socios, motivados por el trabajo social, movilizan sus fuerzas para realizar diversas obras solidarias. As\u00ed, las &hellip; <a class=\"more-link\" href=\"https:\/\/albertoplaza.cl\/mundo\/nuestra-historia\/\">Sigue leyendo <span class=\"meta-nav\">&rarr;<\/span><\/a><\/p>\n","protected":false},"author":2,"featured_media":0,"parent":0,"menu_order":0,"comment_status":"closed","ping_status":"closed","template":"","meta":{"footnotes":""},"class_list":["post-2","page","type-page","status-publish","hentry"],"_links":{"self":[{"href":"https:\/\/albertoplaza.cl\/mundo\/wp-json\/wp\/v2\/pages\/2","targetHints":{"allow":["GET"]}}],"collection":[{"href":"https:\/\/albertoplaza.cl\/mundo\/wp-json\/wp\/v2\/pages"}],"about":[{"href":"https:\/\/albertoplaza.cl\/mundo\/wp-json\/wp\/v2\/types\/page"}],"author":[{"embeddable":true,"href":"https:\/\/albertoplaza.cl\/mundo\/wp-json\/wp\/v2\/users\/2"}],"replies":[{"embeddable":true,"href":"https:\/\/albertoplaza.cl\/mundo\/wp-json\/wp\/v2\/comments?post=2"}],"version-history":[{"count":0,"href":"https:\/\/albertoplaza.cl\/mundo\/wp-json\/wp\/v2\/pages\/2\/revisions"}],"wp:attachment":[{"href":"https:\/\/albertoplaza.cl\/mundo\/wp-json\/wp\/v2\/media?parent=2"}],"curies":[{"name":"wp","href":"https:\/\/api.w.org\/{rel}","templated":true}]}}